{"id":2304,"date":"2014-02-26T13:57:20","date_gmt":"2014-02-26T12:57:20","guid":{"rendered":"http:\/\/www.lifetremedal.eu\/?page_id=2304"},"modified":"2014-02-26T13:57:20","modified_gmt":"2014-02-26T12:57:20","slug":"accion-d-3","status":"publish","type":"page","link":"https:\/\/lifetremedal.eu\/gl\/life-tremedal-2\/actuacions\/accion-d-3\/","title":{"rendered":"Acci\u00f3n D.3"},"content":{"rendered":"<h1>Acci\u00f3n D.3 Seguimento do impacto socioecon\u00f3mico do proxecto<\/h1>\n<h5><span style=\"color: #ff0000;\">Este proxecto, ademais de contribu\u00edr \u00e1 conservaci\u00f3n das turbeiras e outras zonas h\u00famidas e a unha maior concienciaci\u00f3n social sobre os valores que albergan e a s\u00faa importancia na xesti\u00f3n global do territorio, busca ter unha repercusi\u00f3n positiva na poboaci\u00f3n e na econom\u00eda local.<\/span><\/h5>\n<p>\u00c9 importante que os axentes sociais e a poboaci\u00f3n en xeral sexan conscientes das oportunidades que brinda a Rede Natura 2000 para o desenvolvemento social e econ\u00f3mico mediante a conservaci\u00f3n e posta en valor do patrimonio natural.<\/p>\n<p>Para valorar o impacto socioecon\u00f3mico do proxecto form\u00falanse d\u00faas actuaci\u00f3ns:<\/p>\n<ul>\n<li>En relaci\u00f3n co <strong>impacto social<\/strong>, prevese a realizaci\u00f3n dun estudio de opini\u00f3n ao inicio e ao final do proxecto, para medir cuantitativa e cualitativamente o cambio producido no grao de co\u00f1ecemento, de sensibilizaci\u00f3n e de actitude, consecuencia do desenvolvemento das distintas acci\u00f3ns de sensibilizaci\u00f3n e comunicaci\u00f3n.<\/li>\n<li>Para a avaliaci\u00f3n do <strong>impacto econ\u00f3mico<\/strong> do proxecto prevese a elaboraci\u00f3n dun informe de revisi\u00f3n da <span style=\"text-decoration: underline;\">porcentaxe do presuposto total do proxecto cunha repercusi\u00f3n m\u00e1is directa no seu \u00e1mbito xeogr\u00e1fico<\/span>: contrataci\u00f3n de obras, estudios e traballos adxudicados a empresas locais, viaxes e axudas de custo, etc.<\/li>\n<\/ul>\n<p>Tam\u00e9n se quere valorar a <span style=\"text-decoration: underline;\">contribuci\u00f3n que o proxecto poida ter no desenvolvemento local<\/span>, favorecendo por exemplo acci\u00f3ns de eco-turismo (ofrecendo novos espazos de alto interese natural, paneis interpretativos, folletos,&#8230;).<\/p>\n<p>Por \u00faltimo, avaliarase como as acci\u00f3ns contribu\u00edron \u00e1 <span style=\"text-decoration: underline;\">restauraci\u00f3n dos servizos ecosist\u00e9micos e a s\u00faa valoraci\u00f3n econ\u00f3mica<\/span>.<\/p>\n<p>&nbsp;<\/p>\n","protected":false},"excerpt":{"rendered":"<p>Acci\u00f3n D.3 Seguimento do impacto socioecon\u00f3mico do proxecto Este proxecto, ademais de contribu\u00edr \u00e1 conservaci\u00f3n das turbeiras e outras zonas h\u00famidas e a unha maior concienciaci\u00f3n social sobre os valores que albergan e a s\u00faa importancia na xesti\u00f3n global do territorio, busca ter unha repercusi\u00f3n positiva na poboaci\u00f3n e na econom\u00eda local. \u00c9 importante que [&hellip;]<\/p>\n","protected":false},"author":2,"featured_media":0,"parent":2247,"menu_order":0,"comment_status":"open","ping_status":"closed","template":"page-template-left-nav.php","meta":{"footnotes":""},"class_list":["post-2304","page","type-page","status-publish","hentry"],"_links":{"self":[{"href":"https:\/\/lifetremedal.eu\/gl\/wp-json\/wp\/v2\/pages\/2304","targetHints":{"allow":["GET"]}}],"collection":[{"href":"https:\/\/lifetremedal.eu\/gl\/wp-json\/wp\/v2\/pages"}],"about":[{"href":"https:\/\/lifetremedal.eu\/gl\/wp-json\/wp\/v2\/types\/page"}],"author":[{"embeddable":true,"href":"https:\/\/lifetremedal.eu\/gl\/wp-json\/wp\/v2\/users\/2"}],"replies":[{"embeddable":true,"href":"https:\/\/lifetremedal.eu\/gl\/wp-json\/wp\/v2\/comments?post=2304"}],"version-history":[{"count":1,"href":"https:\/\/lifetremedal.eu\/gl\/wp-json\/wp\/v2\/pages\/2304\/revisions"}],"predecessor-version":[{"id":2305,"href":"https:\/\/lifetremedal.eu\/gl\/wp-json\/wp\/v2\/pages\/2304\/revisions\/2305"}],"up":[{"embeddable":true,"href":"https:\/\/lifetremedal.eu\/gl\/wp-json\/wp\/v2\/pages\/2247"}],"wp:attachment":[{"href":"https:\/\/lifetremedal.eu\/gl\/wp-json\/wp\/v2\/media?parent=2304"}],"curies":[{"name":"wp","href":"https:\/\/api.w.org\/{rel}","templated":true}]}}

Acción D.3

<h1>Acción D.3 Seguimento do impacto socioeconómico do proxecto</h1>
<h5><span style="color: #ff0000;">Este proxecto, ademais de contribuír á conservación das turbeiras e outras zonas húmidas e a unha maior concienciación social sobre os valores que albergan e a súa importancia na xestión global do territorio, busca ter unha repercusión positiva na poboación e na economía local.</span></h5>
<p>É importante que os axentes sociais e a poboación en xeral sexan conscientes das oportunidades que brinda a Rede Natura 2000 para o desenvolvemento social e económico mediante a conservación e posta en valor do patrimonio natural.</p>
<p>Para valorar o impacto socioeconómico do proxecto formúlanse dúas actuacións:</p>
<ul>
<li>En relación co <strong>impacto social</strong>, prevese a realización dun estudio de opinión ao inicio e ao final do proxecto, para medir cuantitativa e cualitativamente o cambio producido no grao de coñecemento, de sensibilización e de actitude, consecuencia do desenvolvemento das distintas accións de sensibilización e comunicación.</li>
<li>Para a avaliación do <strong>impacto económico</strong> do proxecto prevese a elaboración dun informe de revisión da <span style="text-decoration: underline;">porcentaxe do presuposto total do proxecto cunha repercusión máis directa no seu ámbito xeográfico</span>: contratación de obras, estudios e traballos adxudicados a empresas locais, viaxes e axudas de custo, etc.</li>
</ul>
<p>Tamén se quere valorar a <span style="text-decoration: underline;">contribución que o proxecto poida ter no desenvolvemento local</span>, favorecendo por exemplo accións de eco-turismo (ofrecendo novos espazos de alto interese natural, paneis interpretativos, folletos,&#8230;).</p>
<p>Por último, avaliarase como as accións contribuíron á <span style="text-decoration: underline;">restauración dos servizos ecosistémicos e a súa valoración económica</span>.</p>
<p>&nbsp;</p>

<p>Acción D.3 Seguimento do impacto socioeconómico do proxecto Este proxecto, ademais de contribuír á conservación das turbeiras e outras zonas húmidas e a unha maior concienciación social sobre os valores que albergan e a súa importancia na xestión global do territorio, busca ter unha repercusión positiva na poboación e na economía local. É importante que [&hellip;]</p>
